{"id":527,"date":"2018-10-10T21:03:05","date_gmt":"2018-10-10T21:03:05","guid":{"rendered":"http:\/\/rentenberater-kreft.de\/?page_id=527"},"modified":"2018-10-10T21:03:05","modified_gmt":"2018-10-10T21:03:05","slug":"oeffnungszeiten","status":"publish","type":"page","link":"https:\/\/rentenberater-kreft.de\/?page_id=527","title":{"rendered":"\u00d6ffnungszeiten"},"content":{"rendered":"<p>Hier finden Sie die \u00d6ffnungszeiten von Rentenberatungsb\u00fcro Kreft in Kiel.<\/p>\n<table width=\"760\">\n<tbody>\n<tr>\n<td>Montag<\/td>\n<td>10:00-17:00<\/td>\n<\/tr>\n<tr>\n<td>Dienstag<\/td>\n<td>10:00-17:00<\/td>\n<\/tr>\n<tr>\n<td>Mittwoch<\/td>\n<td>10:00-17:00<\/td>\n<\/tr>\n<tr>\n<td>Donnerstag<\/td>\n<td>10:00-17:00<\/td>\n<\/tr>\n<tr>\n<td>Freitag<\/td>\n<td>10:00-13:00<\/td>\n<\/tr>\n<\/tbody>\n<\/table>\n<p>nach Terminabsprache<\/p>\n","protected":false},"excerpt":{"rendered":"<p>Hier finden Sie die \u00d6ffnungszeiten von Rentenberatungsb\u00fcro Kreft in Kiel. Montag 10:00-17:00 Dienstag 10:00-17:00 Mittwoch 10:00-17:00 Donnerstag 10:00-17:00 Freitag 10:00-13:00 nach Terminabsprache<\/p>\n","protected":false},"author":1,"featured_media":0,"parent":0,"menu_order":0,"comment_status":"closed","ping_status":"closed","template":"","meta":{"footnotes":""},"_links":{"self":[{"href":"https:\/\/rentenberater-kreft.de\/index.php?rest_route=\/wp\/v2\/pages\/527"}],"collection":[{"href":"https:\/\/rentenberater-kreft.de\/index.php?rest_route=\/wp\/v2\/pages"}],"about":[{"href":"https:\/\/rentenberater-kreft.de\/index.php?rest_route=\/wp\/v2\/types\/page"}],"author":[{"embeddable":true,"href":"https:\/\/rentenberater-kreft.de\/index.php?rest_route=\/wp\/v2\/users\/1"}],"replies":[{"embeddable":true,"href":"https:\/\/rentenberater-kreft.de\/index.php?rest_route=%2Fwp%2Fv2%2Fcomments&post=527"}],"version-history":[{"count":1,"href":"https:\/\/rentenberater-kreft.de\/index.php?rest_route=\/wp\/v2\/pages\/527\/revisions"}],"predecessor-version":[{"id":528,"href":"https:\/\/rentenberater-kreft.de\/index.php?rest_route=\/wp\/v2\/pages\/527\/revisions\/528"}],"wp:attachment":[{"href":"https:\/\/rentenberater-kreft.de\/index.php?rest_route=%2Fwp%2Fv2%2Fmedia&parent=527"}],"curies":[{"name":"wp","href":"https:\/\/api.w.org\/{rel}","templated":true}]}}