{"id":230,"date":"2017-08-06T18:02:28","date_gmt":"2017-08-06T16:02:28","guid":{"rendered":"http:\/\/polskanocparty.de\/?page_id=230"},"modified":"2018-10-11T18:44:24","modified_gmt":"2018-10-11T18:44:24","slug":"ueber-mich","status":"publish","type":"page","link":"https:\/\/rentenberater-kreft.de\/?page_id=230","title":{"rendered":"Berufsbild Rentenberater"},"content":{"rendered":"<h2><\/h2>\n<p>Rentenberater sind freiberuflich t\u00e4tige Spezialisten, die-\u00e4hnlich wie Steuerberater oder<\/p>\n<p>Rechtsanw\u00e4lte-in eigener Kanzlei gegen Honorar t\u00e4tig sind. Sie beraten ihre Mandanten<\/p>\n<p>unabh\u00e4ngig von den Versicherungstr\u00e4gern.<\/p>\n<p>Der Deutsche Bundestag hat festgestellt, dass \u201cdie Rentenberater sich bei der<\/p>\n<p>Un\u00fcbersichtlichkeit und der zunehmenden Bedeutung des Sozialversicherungsrechts<\/p>\n<p>im Rechtsleben-insbesondere auch bei der Kontrolle der Versicherungsanstalten-als unentbehrlich erwiesen haben\u201c(Bundesdrucksache 8\/4277 vom 20.06.1980).<\/p>\n<h4>Rentenberater sind :<\/h4>\n<ul>\n<li>rechtsberatend ,rechtsgestaltend und streitverh\u00fctend t\u00e4tig,<\/li>\n<li>von der Justiz gepr\u00fcft und gerichtlich zugelassen,<\/li>\n<li>ein Organ der Rechtspflege,<\/li>\n<li>unabh\u00e4ngige Vertreter der Interessen ihrer Mandanten<\/li>\n<li>grunds\u00e4tzlich (ab 01.07.2014 ) an das Rechtsanwaltsverg\u00fctungsgesetz ( RVG ) gebunden,<\/li>\n<li>in ihrer T\u00e4tigkeit haftpflichtversichert<\/li>\n<li>unterliegen der Aufsicht des Pr\u00e4sidenten des Landgerichts<\/li>\n<li>unterliegen der Schweigepflicht.<\/li>\n<\/ul>\n<p>&nbsp;<\/p>\n<p>Die immer komplexere Rechtsmaterie und die immer k\u00fcrzeren Halbwertzeiten<\/p>\n<p>der Rechts\u00e4nderungen und Rechtsanpassungen machen es immer schwieriger,<\/p>\n<p>die eigenen Rechte zu kennen und bei den Versicherungstr\u00e4gern durchzusetzen.<\/p>\n<p>Jeder zweite Rentner z.B.versteht seinen Rentenbescheid aufgrund der immer<\/p>\n<p>komplizierter werdenden Bestimmungen schon jetzt nicht mehr. Jedem vierten<\/p>\n<p>Rentenbescheid wird sogar widersprochen. Da ist sachkundiger Rat vonn\u00f6ten.<\/p>\n<p>Der Rentenberater hat nicht nur die Aufgabe Sie in den Angelegenheiten zu<\/p>\n<p>unterst\u00fctzen und zu beraten, die mit Rente\u00a0 zu tun haben. Das Aufgabengebiet<\/p>\n<p>ist viel weitreichender und umfasst-anders als der Name bzw.Titel vermuten l\u00e4sst-<\/p>\n<p>insbesondere auch die Beratung in der Krankenversicherung und\u00a0 Schwer-<\/p>\n<p>behindertenrecht, wenn sich hier Auswirkungen auf eine Rente ergeben.<\/p>\n<p>Da das gesamte Sozialversicherungsrecht sehr komplex ist, kann Ihnen der<\/p>\n<p>Rentenberater kompetent und fachkundig weiterhelfen und Ihre<\/p>\n<p>Anspr\u00fcche durchsetzen.<\/p>\n<p>&nbsp;<\/p>\n<p>&nbsp;<\/p>\n<p>&nbsp;<\/p>\n<p>&nbsp;<\/p>\n","protected":false},"excerpt":{"rendered":"<p>Rentenberater sind freiberuflich t\u00e4tige Spezialisten, die-\u00e4hnlich wie Steuerberater oder Rechtsanw\u00e4lte-in eigener Kanzlei gegen Honorar t\u00e4tig sind. Sie beraten ihre Mandanten unabh\u00e4ngig von den Versicherungstr\u00e4gern. Der Deutsche Bundestag hat festgestellt, dass \u201cdie Rentenberater sich bei der Un\u00fcbersichtlichkeit und der zunehmenden Bedeutung des Sozialversicherungsrechts im Rechtsleben-insbesondere auch bei der Kontrolle der Versicherungsanstalten-als unentbehrlich erwiesen haben\u201c(Bundesdrucksache 8\/4277 vom &hellip; <a href=\"https:\/\/rentenberater-kreft.de\/?page_id=230\" class=\"more-link\"><span class=\"screen-reader-text\">&#8222;Berufsbild Rentenberater&#8220; <\/span>weiterlesen<\/a><\/p>\n","protected":false},"author":1,"featured_media":0,"parent":0,"menu_order":0,"comment_status":"closed","ping_status":"closed","template":"","meta":{"footnotes":""},"_links":{"self":[{"href":"https:\/\/rentenberater-kreft.de\/index.php?rest_route=\/wp\/v2\/pages\/230"}],"collection":[{"href":"https:\/\/rentenberater-kreft.de\/index.php?rest_route=\/wp\/v2\/pages"}],"about":[{"href":"https:\/\/rentenberater-kreft.de\/index.php?rest_route=\/wp\/v2\/types\/page"}],"author":[{"embeddable":true,"href":"https:\/\/rentenberater-kreft.de\/index.php?rest_route=\/wp\/v2\/users\/1"}],"replies":[{"embeddable":true,"href":"https:\/\/rentenberater-kreft.de\/index.php?rest_route=%2Fwp%2Fv2%2Fcomments&post=230"}],"version-history":[{"count":5,"href":"https:\/\/rentenberater-kreft.de\/index.php?rest_route=\/wp\/v2\/pages\/230\/revisions"}],"predecessor-version":[{"id":547,"href":"https:\/\/rentenberater-kreft.de\/index.php?rest_route=\/wp\/v2\/pages\/230\/revisions\/547"}],"wp:attachment":[{"href":"https:\/\/rentenberater-kreft.de\/index.php?rest_route=%2Fwp%2Fv2%2Fmedia&parent=230"}],"curies":[{"name":"wp","href":"https:\/\/api.w.org\/{rel}","templated":true}]}}